2241 = -3*h. Let l = -425 - w. Calculate the greatest common divisor of l and 143.
11
Let b(d) = 28*d. Let k be b(5). Let w(v) = -21*v - 31. Let o be w(-4). Suppose 10*f - o = 147. What is the greatest common factor of k and f?
20
Suppose 4*q + 22 = 2*h, 0 = 6*q - 3*q + 6. Let y(n) = 5*n**3 - 42*n**2 + 27*n - 157. Let j be y(9). What is the highest common factor of h and j?
7
Suppose 5*f + 29*z - 33*z - 3869 = 0, 3*f + z = 2335. Suppose 0 = 209*s - 212*s + f. Calculate the greatest common factor of 37 and s.
37
Let z be ((-387)/12)/3*-4. Let a = -41 + 32. Let g be 427 - a/(3 - 0). Calculate the highest common factor of g and z.
43
Suppose -5*j + 2*a - 2 = 6*a, -3*j + 3 = a. Let n(x) = 43*x - 2. Let b be n(j). What is the greatest common factor of b and 210?
42
Suppose 4*w = -0*x - x + 6262, -w = 2*x - 1569. Suppose -2*a - 4*c = -1070, 55*a - 2*c = 52*a + w. Calculate the greatest common factor of 21 and a.
21
Suppose 6 = 4*q + 14, -x + 3 = -2*q. Let k be x/1 + (-1 - -103). Suppose -4*p + k + 11 = 0. What is the greatest common divisor of 4 and p?
4
Let k = 736 - -714. Calculate the highest common divisor of 1305 and k.
145
Let v = -18061 + 18071. What is the greatest common divisor of 25790 and v?
10
Suppose 71*h - 1844 = -4*o + 76*h, -5*o + 2296 = -4*h. Calculate the greatest common factor of o and 42.
6
Suppose 12*u - 894 = -100*u + 338. Calculate the greatest common divisor of u and 13926.
11
Suppose -3*a = -4*h - 395, -4*h - 139 - 280 = 5*a. Let k = h + 108. Suppose -3*x + 20 = 2*x, -j - k = -4*x. What is the highest common divisor of j and 9?
9
Suppose 24*x = -27947 + 163835. What is the highest common factor of 38 and x?
38
Suppose 2*b - 1684 = -4*r, 1257*b = 1262*b + 4*r - 4246. Suppose 3*h + 5*w - 26 - 11 = 0, 0 = 3*h - 3*w - 45. What is the greatest common divisor of b and h?
14
Let z be ((-5)/((-10)/(-6)))/3. Let l be -2 + 109 + 1/z. What is the highest common factor of l and 159?
53
Let x be -1 + -2 + 7 + -2. Suppose 8*o - 10 = -x*o. Let p be ((-2 - 0) + 22)*(o - -2). What is the highest common factor of 12 and p?
12
Suppose -117 = -3*l - 5*n, -4*l + 15 + 155 = 2*n. What is the greatest common divisor of 42 and l?
2
Let l = 108 - -60. Suppose -168 = -4*h - 5*f, -10*h + 6*h = -5*f - l. What is the greatest common factor of 42 and h?
42
Suppose -o - 6 = -4*o. Let t = 34062 + -34053. What is the greatest common divisor of o and t?
1
Suppose -469 = 40*v - 41*v - 4*t, -4*v + 1706 = -t. Let q = 21 - 8. What is the highest common factor of q and v?
13
Let a = 43 - 61. Let i(l) be the first derivative of -3*l**2 - 36*l + 161. Let x be i(a). What is the greatest common factor of 9 and x?
9
Suppose 0 = -3*r + 5*n + 164 + 154, -3*r = 3*n - 318. Suppose 174 = 8*q - r. Calculate the greatest common factor of q and 14.
7
Let q be (13/13*-1)/(2/(-318)). Calculate the greatest common divisor of 3 and q.
3
Let o be 4/5*140/1. Let x(i) = -i**3 + 95*i**2 + 219*i - 2361. Let u be x(97). Calculate the highest common factor of u and o.
16
Let t(k) = k**2 + 15*k + 12. Let i = 59 - 72. Let x be t(i). Let n be (-1998)/x + 99/(-21) + 5. What is the highest common factor of n and 13?
13
Suppose 0 = -5*o + 4*j + 132 + 672, -638 = -4*o - 2*j. Suppose o = -22*l + 38*l. What is the greatest common factor of 1090 and l?
10
Let h(l) = 5*l**2 - l - 2. Let n be h(-1). Suppose -3*d + 634 = -n*c, d + 16*c - 12*c - 206 = 0. What is the highest common factor of 45 and d?
15
Suppose -2077*z - 146 - 512 = -2131*z + 1070. Let n be (-5436)/(-10) + (-6)/(-15). What is the greatest common divisor of z and n?
32
Suppose -926 - 1090 = -14*f. Calculate the greatest common divisor of f and 128.
16
Suppose -3*w = -3*g + 444, 4*g - 2*w + 0*w = 600. Suppose d + 134 = -3*f, f - 5*f + 4*d - g = 0. Let o = -7 - f. What is the highest common divisor of o and 9?
9
Suppose -3479*g - 2776 = -3493*g + 3188. Calculate the greatest common divisor of g and 150.
6
Suppose 0 = -j + 16*j - 75. Suppose -j*w + 50 + 20 = 0. What is the greatest common divisor of w and 98?
14
Suppose 40*q = 3*r + 44*q - 122, 5*r = 5*q + 145. Suppose -3*z + 2*t + r = 3*t, -3*z + 22 = -2*t. What is the highest common factor of 280 and z?
10
Let i(u) = -u**3 + 24*u**2 - 24*u + 21. Let x = 6 - -17. Let b be i(x). Let j = 14 - b. Calculate the greatest common factor of j and 8.
8
Let q be (11 - 240/25) + (-144)/(-15) + 2. Suppose 0*l = -l + 12. Suppose -l - 14 = -n. What is the highest common factor of n and q?
13
Let j be ((-6)/(-4) + -2)*0 + 1603. What is the greatest common factor of 7 and j?
7
Let t = -229 + 429. Let f = -172 + t. What is the highest common factor of 35 and f?
7
Suppose 0 = -633*b + 3243270 + 226203. Calculate the highest common factor of 1323 and b.
189
Let y = 3591 + -3584. Let h = 35 - 21. Calculate the highest common divisor of h and y.
7
Suppose 3*x = -5*l + 9*l - 322, -x - 82 = -l. What is the greatest common divisor of 3306 and l?
38
Let o be -2 + 4 - (-2 - 270 - 1). Let c = -267 + o. Calculate the greatest common divisor of 56 and c.
8
Let p = 348 - 254. Let f be (2 + -2)*3/(-6). Suppose f = -2*n + v + p, -n = -3*v + v - 44. Calculate the greatest common factor of 3 and n.
3
Let w = 147 + -145. Suppose 0*r - 2 = -r. Suppose -r*h - 2*x + 68 = 0, -3*h - w*x + 0*x + 101 = 0. Calculate the greatest common factor of 165 and h.
33
Let p = 89 - 59. Suppose -30*h = -34*h - 4*u + 1312, 0 = u + 2. What is the highest common factor of h and p?
30
Suppose -79*r + 136*r + 357 = 74*r. Suppose 35 = 4*x + 7. Calculate the highest common divisor of r and x.
7
Let d be (1 + 10)*(-1 + 10). Let y(i) = 158*i - 939. Let x be y(6). What is the greatest common factor of x and d?
9
Let s(k) = -k**3 + 2. Let v(y) = 3*y**3 - 2*y**2 + 8*y + 18. Let p(g) = 4*s(g) + v(g). Let b be p(-3). Calculate the highest common factor of 209 and b.
11
Suppose 4*g = 5*q - 158, 4*q + 5*g = 8*q - 130. Let j be 2/(-3) - (-64)/6. What is the highest common divisor of j and q?
10
Let y be -51*(-3472)/42 + 2. Calculate the highest common divisor of y and 114.
114
Suppose -8*v + 10*v = m + 21, 0 = -3*m - 15. Let h(b) = -b**2 + 14*b + 8. Let w be h(v). What is the highest common divisor of w and 84?
28
Suppose 4*g + 82 = 5*h - 51, 3*g + h = -114. Let w = g - -72. Let d be -2*w/(-5)*9. What is the highest common factor of d and 18?
18
Let i be (-5)/6 - 1287/(-54). Suppose -k = -21 - i. Calculate the greatest common divisor of 352 and k.
44
Let p be (2/(-4))/(-6*(-4)/(-36048)). Suppose 0 = 745*n - p*n + 6. What is the highest common divisor of n and 4?
1
Suppose -r + 17 = -3*s, -3*r + 5*s + 4 + 31 = 0. Let v be 8/(-20) + (-834)/(-10). Let j = 86 - v. Calculate the greatest common divisor of j and r.
1
Suppose -5*l = q + 9 - 24, 4*l = -3*q + 1. Suppose -12 = -c + l. Let w be ((-84)/c - -4)*(0 - 4). Calculate the greatest common divisor of 20 and w.
5
Suppose -53*n - 29*n + 75*n + 840 = 0. Let v(f) = 25*f**2 + 2*f. Let s be v(-2). What is the greatest common factor of s and n?
24
Suppose 0 = -3*i + 7 + 2. Suppose i*l - 5*p + 274 = 0, -2*l = l + 2*p + 260. Let h = -52 - l. What is the greatest common divisor of h and 180?
36
Suppose -4*q - 4*d = -d + 3, 5*d = 5*q - 40. Suppose -20 = -h + 4*u, u + 104 = 4*h - q*u. Calculate the greatest common divisor of h and 252.
28
Let r(f) = -f**2 + 27*f - 71. Let o be r(5). Calculate the highest common divisor of 676 and o.
13
Let m = -37 + 39. Suppose m*u + 23 = 5*q + 4, 5*u = 4*q - 22. Let p be (-5)/15 + 43/q. Calculate the highest common factor of p and 28.
14
Let z = 31975 - 31814. Calculate the highest common divisor of 84 and z.
7
Let w be -1 + (1 - (4 + -6)). Suppose -5*i + 230 = 2*g + 49, -5*i - 171 = -w*g. Calculate the greatest common factor of g and 44.
44
Suppose 0 = 5*c + g - 3680 + 688, 0 = 2*c + g - 1198. Let d = c - 412. What is the highest common divisor of 651 and d?
93
Suppose 10 = 12*t - 38. Suppose s - 1 = 2*a - 18, -t*s = a - 13. What is the greatest common divisor of a and 99?
9
Let y = 26 - -67. Let g be (4 - 2)*3/2. What is the greatest common factor of y and g?
3
Suppose 4979 = 44*c - 16009. Calculate the highest common divisor of c and 3975.
159
Suppose -l - 1266*z + 759 = -1269*z, -5*l + 3735 = -5*z. Calculate the greatest common factor of 114 and l.
57
Let n be 3*((-4)/(-8) + (-